at is the remainder when 10162 is divided by 506?
42
What is the remainder when 20917 is divided by 6968?
13
Calculate the remainder when 18326 is divided by 131.
117
Calculate the remainder when 4145 is divided by 71.
27
Calculate the remainder when 8202 is divided by 18.
12
Calculate the remainder when 286331 is divided by 82.
69
What is the remainder when 74357 is divided by 130?
127
Calculate the remainder when 10020 is divided by 5.
0
What is the remainder when 54104 is divided by 685?
674
Calculate the remainder when 33321 is divided by 901.
885
What is the remainder when 2809 is divided by 464?
25
Calculate the remainder when 5050 is divided by 206.
106
What is the remainder when 17781 is divided by 887?
41
What is the remainder when 685 is divided by 150?
85
What is the remainder when 14134 is divided by 186?
184
What is the remainder when 34365 is divided by 186?
141
What is the remainder when 14146 is divided by 3?
1
What is the remainder when 750 is divided by 367?
16
What is the remainder when 327819 is divided by 56?
51
Calculate the remainder when 1193 is divided by 293.
21
What is the remainder when 4591052 is divided by 442?
440
What is the remainder when 39727 is divided by 1985?
27
Calculate the remainder when 42748 is divided by 50.
48
What is the remainder when 126 is divided by 99?
27
Calculate the remainder when 8445 is divided by 1200.
45
Calculate the remainder when 4541 is divided by 2264.
13
What is the remainder when 123190 is divided by 158?
108
What is the remainder when 38358 is divided by 6391?
12
What is the remainder when 23008 is divided by 22987?
21
Calculate the remainder when 42055 is divided by 21024.
7
What is the remainder when 5918 is divided by 66?
44
What is the remainder when 8320 is divided by 347?
339
What is the remainder when 569 is divided by 33?
8
What is the remainder when 27523 is divided by 857?
99
Calculate the remainder when 149954 is divided by 27.
23
Calculate the remainder when 791 is divided by 210.
161
Calculate the remainder when 7707 is divided by 384.
27
What is the remainder when 3560 is divided by 129?
77
Calculate the remainder when 509917 is divided by 80.
77
What is the remainder when 54242 is divided by 303?
5
What is the remainder when 612239 is divided by 774?
5
Calculate the remainder when 812 is divided by 121.
86
Calculate the remainder when 20812 is divided by 20.
12
What is the remainder when 10781 is divided by 11?
1
Calculate the remainder when 426842 is divided by 33.
20
What is the remainder when 14149 is divided by 406?
345
Calculate the remainder when 265336 is divided by 154.
148
What is the remainder when 4679 is divided by 267?
140
What is the remainder when 822 is divided by 314?
194
Calculate the remainder when 12381 is divided by 127.
62
What is the remainder when 119978 is divided by 23992?
18
Calculate the remainder when 7772 is divided by 25.
22
What is the remainder when 22880 is divided by 3186?
578
Calculate the remainder when 42588 is divided by 36.
0
Calculate the remainder when 21981 is divided by 133.
36
Calculate the remainder when 349355 is divided by 87338.
3
Calculate the remainder when 44955 is divided by 1168.
571
Calculate the remainder when 17176 is divided by 873.
589
What is the remainder when 200213 is divided by 910?
13
What is the remainder when 576449 is divided by 378?
377
What is the remainder when 18732 is divided by 899?
752
Calculate the remainder when 2272 is divided by 568.
0
What is the remainder when 1877 is divided by 354?
107
What is the remainder when 360 is divided by 68?
20
Calculate the remainder when 1161827 is divided by 354.
353
What is the remainder when 5285 is divided by 1317?
17
What is the remainder when 171888 is divided by 42968?
16
What is the remainder when 7135 is divided by 509?
9
What is the remainder when 71972 is divided by 580?
52
Calculate the remainder when 70168 is divided by 41.
17
Calculate the remainder when 27590 is divided by 270.
50
What is the remainder when 41749 is divided by 43?
39
What is the remainder when 4603 is divided by 511?
4
What is the remainder when 392513 is divided by 69?
41
What is the remainder when 275231 is divided by 14?
5
Calculate the remainder when 13694 is divided by 133.
128
Calculate the remainder when 91362 is divided by 126.
12
What is the remainder when 4233 is divided by 1388?
69
What is the remainder when 12144 is divided by 6062?
20
Calculate the remainder when 77613 is divided by 528.
525
Calculate the remainder when 11092 is divided by 779.
186
What is the remainder when 271 is divided by 209?
62
Calculate the remainder when 1388598 is divided by 23.
19
Calculate the remainder when 71163 is divided by 11856.
27
What is the remainder when 1523943 is divided by 568?
567
Calculate the remainder when 22701 is divided by 14.
7
What is the remainder when 6098 is divided by 1063?
783
Calculate the remainder when 835445 is divided by 276.
269
Calculate the remainder when 2076718 is divided by 85.
83
Calculate the remainder when 7960 is divided by 7948.
12
Calculate the remainder when 4771 is divided by 140.
11
Calculate the remainder when 272 is divided by 88.
8
Calculate the remainder when 3055 is divided by 66.
19
Calculate the remainder when 15131 is divided by 1004.
71
What is the remainder when 230259 is divided by 76741?
36
Calculate the remainder when 2337 is divided by 51.
42
Calculate the remainder when 99456 is divided by 975.
6
What is the remainder when 52625 is divided by 95?
90
What is the remainder when 168726 is divided by 53?
27
What is the remainder when 888 is divided by 274?
66
What is the remainder when 3301 is divided by 1448?
405
What is the remainder when 314 is divided by 24?
2
What is the remainder when 732800 is divided by 9160?
0
What is the remainder when 13251 is divided by 316?
295
Calculate the remainder when 1363 is divided by 122.
21
What is the remainder when 128163 is divided by 82?
79
What is the remainder when 327526 is divided by 109172?
10
What is the remainder when 16348 is divided by 143?
46
Calculate the remainder when 834 is divided by 51.
18
What is the remainder when 28649 is divided by 154?
5
Calculate the remainder when 29680 is divided by 102.
100
What is the remainder when 11516 is divided by 1276?
32
Calculate the remainder when 1567407 is divided by 130.
127
Calculate the remainder when 34854 is divided by 40.
14
Calculate the remainder when 66272 is divided by 896.
864
What is the remainder when 7389 is divided by 537?
408
What is the remainder when 3364918 is divided by 473?
469
Calculate the remainder when 98586 is divided by 196.
194
What is the remainder when 11578 is divided by 3745?
343
What is the remainder when 21470 is divided by 3578?
2
Calculate the remainder when 320854 is divided by 20.
14
What is the remainder when 58071 is divided by 1416?
15
What is the remainder when 1382 is divided by 595?
192
Calculate the remainder when 300731 is divided by 7.
4
What is the remainder when 5380689 is divided by 1106?
1105
Calculate the remainder when 40625 is divided by 1933.
32
What is the remainder when 8955 is divided by 8930?
25
Calculate the remainder when 36674 is divided by 122.
74
Calculate the remainder when 22115 is divided by 2.
1
What is the remainder when 1149 is divided by 84?
57
What is the remainder when 13164 is divided by 526?
14
Calculate the remainder when 4993 is divided by 4972.
21
Calculate the remainder when 1468 is divided by 282.
58
Calculate the remainder when 191803 is divided by 16.
11
What is the remainder when 966061 is divided by 88?
85
What is the remainder when 516736 is divided by 35?
31
Calculate the remainder when 238860 is divided by 7.
6
Calculate the remainder when 45637 is divided by 10.
7
What is the remainder when 30795 is divided by 50?
45
What is the remainder when 966 is divided by 356?
254
What is the remainder when 25868 is divided by 588?
584
What is the remainder when 124212 is divided by 603?
597
Calculate the remainder when 209875 is divided by 208.
3
Calculate the remainder when 57304 is divided by 36.
28
Calculate the remainder when 8269 is divided by 11.
8
What is the remainder when 6196 is divided by 2962?
272
What is the remainder when 1679 is divide